{"id":157,"date":"2018-09-10T20:40:36","date_gmt":"2018-09-10T20:40:36","guid":{"rendered":"http:\/\/theater-st-martin.at\/wordpress\/?page_id=157"},"modified":"2018-09-10T20:40:36","modified_gmt":"2018-09-10T20:40:36","slug":"2014-und-dann-gabs-keines-mehr","status":"publish","type":"page","link":"https:\/\/theater-st-martin.at\/wordpress\/?page_id=157","title":{"rendered":"2014 &#8211; Und dann gab&#8217;s keines mehr"},"content":{"rendered":"<p>2014 brachten wir zum zweiten Mal ein Kriminalst\u00fcck von Agatha Christie zur Auff\u00fchrung. Im Original hie\u00df das St\u00fcck &#8222;10 kleine Negerlein&#8220; und so wie im gleichnamigen Kinderlied, werden auch in dieser Geschichte die Protagonisten nach und nach immer weniger:<\/p>\n<p>10 G\u00e4ste auf einer einsamen Insel. Der geheimnisvolle Gastgeber Mr. Onym versp\u00e4tet sich und kann seine G\u00e4ste nicht zum Abendessen begr\u00fc\u00dfen. Das ist aber auch nicht weiter notwendig, denn offensichtlich sind alle Geladenen auf diese Insel gekommen, weil jeder von ihnen einen unges\u00fchnten Mord begangen hat. Und diese Morde werden jetzt ger\u00e4cht &#8211; einer nach dem anderen &#8230;<\/p>\n<p>Einer der ber\u00fchmtesten Romane Agatha Christies, genial konstruiert und brillant geschrieben.<\/p>\n<p><img loading=\"lazy\" decoding=\"async\" class=\"aligncenter wp-image-150 size-large\" src=\"https:\/\/theater-st-martin.at\/wordpress\/wordpress\/wp-content\/uploads\/2018\/09\/MG_2398-1024x683.jpg\" alt=\"\" width=\"660\" height=\"440\" srcset=\"https:\/\/theater-st-martin.at\/wordpress\/wp-content\/uploads\/2018\/09\/MG_2398.jpg 1024w, https:\/\/theater-st-martin.at\/wordpress\/wp-content\/uploads\/2018\/09\/MG_2398-300x200.jpg 300w, https:\/\/theater-st-martin.at\/wordpress\/wp-content\/uploads\/2018\/09\/MG_2398-768x512.jpg 768w\" sizes=\"auto, (max-width: 660px) 100vw, 660px\" \/><\/p>\n<p>Mehr Fotos auf unserer <a href=\"https:\/\/www.facebook.com\/pg\/Theaterverein-St-Martin-im-Innkreis-1536768136604666\/photos\/?tab=album&amp;album_id=1536781516603328\" target=\"_blank\" rel=\"noopener\">Facebook-Seite<\/a><\/p>\n","protected":false},"excerpt":{"rendered":"<p>2014 brachten wir zum zweiten Mal ein Kriminalst\u00fcck von Agatha Christie zur Auff\u00fchrung. Im Original hie\u00df das St\u00fcck &#8222;10 kleine Negerlein&#8220; und so wie im gleichnamigen Kinderlied, werden auch in dieser Geschichte die Protagonisten nach und nach immer weniger: 10 G\u00e4ste auf einer einsamen Insel. Der geheimnisvolle Gastgeber Mr. Onym versp\u00e4tet sich und kann seine &hellip; <a href=\"https:\/\/theater-st-martin.at\/wordpress\/?page_id=157\" class=\"more-link\"><span class=\"screen-reader-text\">2014 &#8211; Und dann gab&#8217;s keines mehr<\/span> weiterlesen<\/a><\/p>\n","protected":false},"author":1,"featured_media":151,"parent":0,"menu_order":0,"comment_status":"closed","ping_status":"closed","template":"","meta":{"footnotes":""},"class_list":["post-157","page","type-page","status-publish","has-post-thumbnail","hentry"],"_links":{"self":[{"href":"https:\/\/theater-st-martin.at\/wordpress\/index.php?rest_route=\/wp\/v2\/pages\/157","targetHints":{"allow":["GET"]}}],"collection":[{"href":"https:\/\/theater-st-martin.at\/wordpress\/index.php?rest_route=\/wp\/v2\/pages"}],"about":[{"href":"https:\/\/theater-st-martin.at\/wordpress\/index.php?rest_route=\/wp\/v2\/types\/page"}],"author":[{"embeddable":true,"href":"https:\/\/theater-st-martin.at\/wordpress\/index.php?rest_route=\/wp\/v2\/users\/1"}],"replies":[{"embeddable":true,"href":"https:\/\/theater-st-martin.at\/wordpress\/index.php?rest_route=%2Fwp%2Fv2%2Fcomments&post=157"}],"version-history":[{"count":1,"href":"https:\/\/theater-st-martin.at\/wordpress\/index.php?rest_route=\/wp\/v2\/pages\/157\/revisions"}],"predecessor-version":[{"id":158,"href":"https:\/\/theater-st-martin.at\/wordpress\/index.php?rest_route=\/wp\/v2\/pages\/157\/revisions\/158"}],"wp:featuredmedia":[{"embeddable":true,"href":"https:\/\/theater-st-martin.at\/wordpress\/index.php?rest_route=\/wp\/v2\/media\/151"}],"wp:attachment":[{"href":"https:\/\/theater-st-martin.at\/wordpress\/index.php?rest_route=%2Fwp%2Fv2%2Fmedia&parent=157"}],"curies":[{"name":"wp","href":"https:\/\/api.w.org\/{rel}","templated":true}]}}