{"id":304,"date":"2019-09-09T19:33:11","date_gmt":"2019-09-09T19:33:11","guid":{"rendered":"http:\/\/theater-st-martin.at\/?page_id=304"},"modified":"2019-09-09T19:33:11","modified_gmt":"2019-09-09T19:33:11","slug":"2019-maerchenwanderung","status":"publish","type":"page","link":"https:\/\/theater-st-martin.at\/wordpress\/?page_id=304","title":{"rendered":"2019 &#8211; M\u00e4rchenwanderung"},"content":{"rendered":"<p><img loading=\"lazy\" decoding=\"async\" class=\"wp-image-306 size-medium alignright\" src=\"https:\/\/theater-st-martin.at\/wordpress\/wp-content\/uploads\/2019\/09\/DSC_3331-e1568057383678-200x300.jpg\" alt=\"\" width=\"200\" height=\"300\" srcset=\"https:\/\/theater-st-martin.at\/wordpress\/wp-content\/uploads\/2019\/09\/DSC_3331-e1568057383678-200x300.jpg 200w, https:\/\/theater-st-martin.at\/wordpress\/wp-content\/uploads\/2019\/09\/DSC_3331-e1568057383678-768x1152.jpg 768w, https:\/\/theater-st-martin.at\/wordpress\/wp-content\/uploads\/2019\/09\/DSC_3331-e1568057383678-683x1024.jpg 683w\" sizes=\"auto, (max-width: 200px) 100vw, 200px\" \/>Bei strahlendem Sonnenschein fand am 24.08.2019 unsere j\u00e4hrliche M\u00e4rchenwanderung statt. Besonders freut uns, dass wir gro\u00dfe Unterst\u00fctzung von 6 h\u00f6chst talentierten Jugendlichen erhielten, die uns hoffentlich auch in den n\u00e4chsten Jahren noch als Nachwuchs erhalten bleiben werden! <img loading=\"lazy\" decoding=\"async\" class=\"size-medium wp-image-305 alignnone\" src=\"https:\/\/theater-st-martin.at\/wordpress\/wp-content\/uploads\/2019\/09\/DSC_3311-300x200.jpg\" alt=\"\" width=\"300\" height=\"200\" srcset=\"https:\/\/theater-st-martin.at\/wordpress\/wp-content\/uploads\/2019\/09\/DSC_3311-300x200.jpg 300w, https:\/\/theater-st-martin.at\/wordpress\/wp-content\/uploads\/2019\/09\/DSC_3311-768x512.jpg 768w, https:\/\/theater-st-martin.at\/wordpress\/wp-content\/uploads\/2019\/09\/DSC_3311-1024x683.jpg 1024w\" sizes=\"auto, (max-width: 300px) 100vw, 300px\" \/><\/p>\n","protected":false},"excerpt":{"rendered":"<p>Bei strahlendem Sonnenschein fand am 24.08.2019 unsere j\u00e4hrliche M\u00e4rchenwanderung statt. Besonders freut uns, dass wir gro\u00dfe Unterst\u00fctzung von 6 h\u00f6chst talentierten Jugendlichen erhielten, die uns hoffentlich auch in den n\u00e4chsten Jahren noch als Nachwuchs erhalten bleiben werden!<\/p>\n","protected":false},"author":2,"featured_media":307,"parent":0,"menu_order":0,"comment_status":"closed","ping_status":"closed","template":"","meta":{"footnotes":""},"class_list":["post-304","page","type-page","status-publish","has-post-thumbnail","hentry"],"_links":{"self":[{"href":"https:\/\/theater-st-martin.at\/wordpress\/index.php?rest_route=\/wp\/v2\/pages\/304","targetHints":{"allow":["GET"]}}],"collection":[{"href":"https:\/\/theater-st-martin.at\/wordpress\/index.php?rest_route=\/wp\/v2\/pages"}],"about":[{"href":"https:\/\/theater-st-martin.at\/wordpress\/index.php?rest_route=\/wp\/v2\/types\/page"}],"author":[{"embeddable":true,"href":"https:\/\/theater-st-martin.at\/wordpress\/index.php?rest_route=\/wp\/v2\/users\/2"}],"replies":[{"embeddable":true,"href":"https:\/\/theater-st-martin.at\/wordpress\/index.php?rest_route=%2Fwp%2Fv2%2Fcomments&post=304"}],"version-history":[{"count":1,"href":"https:\/\/theater-st-martin.at\/wordpress\/index.php?rest_route=\/wp\/v2\/pages\/304\/revisions"}],"predecessor-version":[{"id":308,"href":"https:\/\/theater-st-martin.at\/wordpress\/index.php?rest_route=\/wp\/v2\/pages\/304\/revisions\/308"}],"wp:featuredmedia":[{"embeddable":true,"href":"https:\/\/theater-st-martin.at\/wordpress\/index.php?rest_route=\/wp\/v2\/media\/307"}],"wp:attachment":[{"href":"https:\/\/theater-st-martin.at\/wordpress\/index.php?rest_route=%2Fwp%2Fv2%2Fmedia&parent=304"}],"curies":[{"name":"wp","href":"https:\/\/api.w.org\/{rel}","templated":true}]}}