{"id":482,"date":"2025-08-23T12:41:19","date_gmt":"2025-08-23T12:41:19","guid":{"rendered":"https:\/\/theater-st-martin.at\/wordpress\/?page_id=482"},"modified":"2025-08-23T12:41:19","modified_gmt":"2025-08-23T12:41:19","slug":"2025-pension-schoeller","status":"publish","type":"page","link":"https:\/\/theater-st-martin.at\/wordpress\/?page_id=482","title":{"rendered":"2025 &#8211; Pension Sch\u00f6ller"},"content":{"rendered":"<p><img loading=\"lazy\" decoding=\"async\" class=\"aligncenter size-large wp-image-472\" src=\"https:\/\/theater-st-martin.at\/wordpress\/wp-content\/uploads\/2025\/03\/pension-schoeller-1024x633.jpg\" alt=\"\" width=\"660\" height=\"408\" srcset=\"https:\/\/theater-st-martin.at\/wordpress\/wp-content\/uploads\/2025\/03\/pension-schoeller-1024x633.jpg 1024w, https:\/\/theater-st-martin.at\/wordpress\/wp-content\/uploads\/2025\/03\/pension-schoeller-300x185.jpg 300w, https:\/\/theater-st-martin.at\/wordpress\/wp-content\/uploads\/2025\/03\/pension-schoeller-768x475.jpg 768w, https:\/\/theater-st-martin.at\/wordpress\/wp-content\/uploads\/2025\/03\/pension-schoeller-825x510.jpg 825w, https:\/\/theater-st-martin.at\/wordpress\/wp-content\/uploads\/2025\/03\/pension-schoeller.jpg 1280w\" sizes=\"auto, (max-width: 660px) 100vw, 660px\" \/><\/p>\n<p>2025 war&#8217;s lustig auf der B\u00fchne in St. Martin im Innkreis mit der turbulenten Kom\u00f6die &#8222;Pension Sch\u00f6ller&#8220;.<\/p>\n<p>Vielen Danke f\u00fcr euren Besuch!<\/p>\n<p>Schwank in 3 Akten von Wilhelm Jacoby und Carl Laufs<br \/>\nBearbeitung von J\u00fcrgen W\u00f6lffer f\u00fcr 10 Schauspieler<\/p>\n<p>Premiere am Fr 02.05.2025<br \/>\nWeitere Termine:<br \/>\nSa 03.05., So 04.05.2025<br \/>\nFr 09.05., Sa 10.05., So 11.05.2025<\/p>\n<p><span class=\"ui-provider a b c d e f g h i j k l m n o p q r s t u v w x y z ab ac ae af ag ah ai aj ak\" dir=\"ltr\">Inhalt:<br \/>\n<\/span>Alfred Klapproth braucht Geld. In Aussicht gestellt wird es ihm von seinem Onkel, dem Gutsbesitzer Philipp Klapproth \u2013 allerdings nicht ohne Gegenleistung. Der Onkel ist extra nach Wien gereist, um an der Soir\u00e9e einer Nervenheilanstalt teilzunehmen \u2013 und einmal &#8222;echte Irre&#8220; zu erleben. Dem Neffen fehlen allerdings die entsprechenden Kontakte, und so erkl\u00e4rt er prompt die Pension Sch\u00f6ller samt ihrer exzentrischen G\u00e4ste zur Irrenanstalt mit zugeh\u00f6rigen Patient:innen. Sehr zur Freude des Onkels, der am\u00fcsiert sich n\u00e4mlich pr\u00e4chtig und taucht voyeuristisch in den allgemeinen Irrsinn ein.<\/p>\n<p>Wir danken unseren\u00a0 Hauptsponsoren 2025:<br \/>\n<img loading=\"lazy\" decoding=\"async\" class=\"aligncenter size-large wp-image-476\" src=\"https:\/\/theater-st-martin.at\/wordpress\/wp-content\/uploads\/2025\/04\/Pension_Schoeller_Paket_2_Logos-1024x502.png\" alt=\"\" width=\"660\" height=\"324\" srcset=\"https:\/\/theater-st-martin.at\/wordpress\/wp-content\/uploads\/2025\/04\/Pension_Schoeller_Paket_2_Logos-1024x502.png 1024w, https:\/\/theater-st-martin.at\/wordpress\/wp-content\/uploads\/2025\/04\/Pension_Schoeller_Paket_2_Logos-300x147.png 300w, https:\/\/theater-st-martin.at\/wordpress\/wp-content\/uploads\/2025\/04\/Pension_Schoeller_Paket_2_Logos-768x376.png 768w, https:\/\/theater-st-martin.at\/wordpress\/wp-content\/uploads\/2025\/04\/Pension_Schoeller_Paket_2_Logos-1536x753.png 1536w, https:\/\/theater-st-martin.at\/wordpress\/wp-content\/uploads\/2025\/04\/Pension_Schoeller_Paket_2_Logos-2048x1003.png 2048w\" sizes=\"auto, (max-width: 660px) 100vw, 660px\" \/><\/p>\n","protected":false},"excerpt":{"rendered":"<p>2025 war&#8217;s lustig auf der B\u00fchne in St. Martin im Innkreis mit der turbulenten Kom\u00f6die &#8222;Pension Sch\u00f6ller&#8220;. Vielen Danke f\u00fcr euren Besuch! Schwank in 3 Akten von Wilhelm Jacoby und Carl Laufs Bearbeitung von J\u00fcrgen W\u00f6lffer f\u00fcr 10 Schauspieler Premiere am Fr 02.05.2025 Weitere Termine: Sa 03.05., So 04.05.2025 Fr 09.05., Sa 10.05., So 11.05.2025 &hellip; <a href=\"https:\/\/theater-st-martin.at\/wordpress\/?page_id=482\" class=\"more-link\"><span class=\"screen-reader-text\">2025 &#8211; Pension Sch\u00f6ller<\/span> weiterlesen<\/a><\/p>\n","protected":false},"author":2,"featured_media":0,"parent":0,"menu_order":0,"comment_status":"closed","ping_status":"closed","template":"","meta":{"footnotes":""},"class_list":["post-482","page","type-page","status-publish","hentry"],"_links":{"self":[{"href":"https:\/\/theater-st-martin.at\/wordpress\/index.php?rest_route=\/wp\/v2\/pages\/482","targetHints":{"allow":["GET"]}}],"collection":[{"href":"https:\/\/theater-st-martin.at\/wordpress\/index.php?rest_route=\/wp\/v2\/pages"}],"about":[{"href":"https:\/\/theater-st-martin.at\/wordpress\/index.php?rest_route=\/wp\/v2\/types\/page"}],"author":[{"embeddable":true,"href":"https:\/\/theater-st-martin.at\/wordpress\/index.php?rest_route=\/wp\/v2\/users\/2"}],"replies":[{"embeddable":true,"href":"https:\/\/theater-st-martin.at\/wordpress\/index.php?rest_route=%2Fwp%2Fv2%2Fcomments&post=482"}],"version-history":[{"count":2,"href":"https:\/\/theater-st-martin.at\/wordpress\/index.php?rest_route=\/wp\/v2\/pages\/482\/revisions"}],"predecessor-version":[{"id":484,"href":"https:\/\/theater-st-martin.at\/wordpress\/index.php?rest_route=\/wp\/v2\/pages\/482\/revisions\/484"}],"wp:attachment":[{"href":"https:\/\/theater-st-martin.at\/wordpress\/index.php?rest_route=%2Fwp%2Fv2%2Fmedia&parent=482"}],"curies":[{"name":"wp","href":"https:\/\/api.w.org\/{rel}","templated":true}]}}